0*y = 3*o - 2*y - 5. Let m = o - -4. What are the prime factors of m?
5
Let d be (-1)/3 + (-110)/(-6). List the prime factors of 292/d + (-2)/9.
2
Let l = 3 + 2. Suppose -4*s + 2*s + 4 = 5*b, 0 = b + l*s + 13. What are the prime factors of b?
2
Let k(t) be the third derivative of 11*t**4/24 - t**3/3 + 3*t**2. What are the prime factors of k(1)?
3
Let a(f) = 3*f + 2. Suppose -j + 4 = -v + 5*v, -v = -j + 4. Suppose 4*l = 2*d - v*d + 10, -2 = 2*d. What are the prime factors of a(l)?
2
Let m(f) be the first derivative of -5*f**2/2 + 2*f + 1. Suppose -2*q - 3 = 1. What are the prime factors of m(q)?
2, 3
List the prime factors of 444/9*2/(8/6).
2, 37
What are the prime factors of (-59)/((28/(-16))/7)?
2, 59
Let b(n) = -n**2 + 10*n**2 - n**2 + 2 - n**3 - 7*n. Let v be b(7). Suppose 0 = o - v*o + 12. List the prime factors of o.
2, 3
Let m(x) = 5*x**3 - 19*x**2 - 11*x + 25. Let u(g) = -2*g**3 + 6*g**2 + 4*g - 8. Let r(q) = 3*m(q) + 8*u(q). What are the prime factors of r(-9)?
2, 5
Suppose -15 = -3*y, -3*s = -2*s - 2*y - 4. What are the prime factors of (-9)/2*(12 - s)?
3
Let p be 4*1*(-45)/20. What are the prime factors of p/(-6) + (-110)/(-4)?
29
Suppose -2*d - 3*d = -365. Let b = d + -49. Suppose 2*u - b = -u. List the prime factors of u.
2
Let f(j) = -5*j + 9. Let g(h) = 26*h - 44. Let u(m) = -16*f(m) - 3*g(m). Let a be 50/6 + 2/(-6). List the prime factors of u(a).
2
Let s = -6 - -9. Suppose 3*g + 15 = 0, -3*u + s = 2*g + 7. Suppose 5*f + z = -z + 22, u*f + 4*z + 4 = 0. What are the prime factors of f?
2, 3
Let p(c) be the first derivative of -c**4/4 + 5*c**3/3 - c**2 + 4*c - 2. Let q be p(5). List the prime factors of (q/(-5))/((-2)/(-10)).
2, 3
Suppose y - 19 = 9. What are the prime factors of y?
2, 7
What are the prime factors of (189/42)/((-1)/(-8))?
2, 3
Let b = -2 + 5. Let j be (20/(-6) + 3)*9. What are the prime factors of 20/b - 1/j?
7
Suppose -2*n + 29 = 9. Suppose 4*u - n = -3*f, -3*f + 3*u + 2*u = -55. Suppose -f = -2*s + 12. List the prime factors of s.
11
Suppose 4*y - 4*o - 32 = 0, 2*y - 3*o = -3*y + 32. Suppose m - y*i + 15 = -6, m = -3*i + 7. Let w(z) = -z**3 - 6*z**2 - 6*z. List the prime factors of w(m).
5
Suppose -2*r - y + 20 = 0, 3*y = -4*r + 5*r - 3. Let g(q) = q**2 - 5*q - 1. What are the prime factors of g(r)?
5, 7
Let t(v) = -v - v - 2*v + 3*v + 1. What are the prime factors of t(-4)?
5
Suppose 0 = -4*y + 26 + 18. What are the prime factors of (-4)/(-5)*(4 + y)?
2, 3
Suppose 13*u = 2*u + 814. What are the prime factors of u?
2, 37
Let x(y) = -3*y - 12. Let q be x(-8). Let c(w) = 2*w + 14. What are the prime factors of c(q)?
2, 19
List the prime factors of 2/9 + (-9156)/(-108).
5, 17
Let v(r) = -r**2 + 3*r - 3. Let w be v(4). Let o(g) be the third derivative of -g**4/8 - 3*g**3/2 + 2*g**2. What are the prime factors of o(w)?
2, 3
Let v(y) = -y**3 + 6*y**2 + 4. Let z be v(6). Let x(m) = m**2 + m**2 + 8*m + z - m**2. List the prime factors of x(-9).
13
Let d = 1052 + -624. List the prime factors of d.
2, 107
Let y = 109 + 203. List the prime factors of y.
2, 3, 13
Let n = 3 + -2. Let z be n*(-4)/6*-3. Suppose -4*p = 4*c, 4*p - 2*c = z*c + 32. What are the prime factors of p?
2
Suppose 7*y - 136 = 396. List the prime factors of y.
2, 19
Suppose 5*l + m = 261, l - 4*l - 4*m + 160 = 0. Suppose 2*i + 14 = l. What are the prime factors of i?
19
Suppose 5*m - 109 = -3*j + 209, 3*j - 2*m - 339 = 0. List the prime factors of j.
3, 37
Let f be (0 - -2) + 80/8. What are the prime factors of 37 + 3*8/f?
3, 13
Let p be (1 - 4)*(-6)/9. What are the prime factors of 1/(((-5)/p)/(-5))?
2
Let b be 158/(-18) + (-12)/54. Let t = b + 14. What are the prime factors of t?
5
Let q = -2 - -38. What are the prime factors of q?
2, 3
Let q(y) = -y**2 + 4*y + 2. Suppose -3*l = -4*l + 2. Suppose -2*h - 4 = 0, -3*h + 4 = l*b - h. List the prime factors of q(b).
2
Let a = -6 + 3. Let o = 5 + a. Let m = 4 + o. What are the prime factors of m?
2, 3
Suppose -30*s + 32*s - 52 = 0. What are the prime factors of s?
2, 13
Let n be 0 - -3 - 6/2. Suppose 5*w - 10 = -n. List the prime factors of w.
2
Suppose -o - 1 = -3. Suppose 4*v - 2*i = 2*v + 12, 0 = 3*v - o*i - 16. List the prime factors of v.
2
Suppose -3*r - 2*r + 20 = 0. Suppose 2*s + 4*z = -7 - 1, 4*z + r = -4*s. List the prime factors of s.
2
Let r(b) = 9*b**2 - 5*b - 2. Let y be r(-4). List the prime factors of (-28)/70 - y/(-5).
2
List the prime factors of (426/8)/(63/12 - 5).
3, 71
Suppose 2*m - 68 = 76. Suppose -80 = -2*b - 2*v, 0 = 3*b - 5*v - m - 8. Suppose -12 = i + 2*i, -b = -5*f + 5*i. What are the prime factors of f?
3
Suppose 0*k = -k + 4*h + 19, 2*h + 14 = 2*k. Suppose -2*c = k*c - 125. List the prime factors of c.
5
Let l = -9 + 8. What are the prime factors of 3 + (4 - (0 - l))?
2, 3
Suppose 0 = 9*f - 366 - 543. What are the prime factors of f?
101
Suppose -4*o - 28 = -3*q + o, 3*q + 5*o = -22. Let d = 23 - q. What are the prime factors of d?
2, 11
Suppose 4*b = b. Suppose -2*t + 9 + 3 = b. What are the prime factors of t?
2, 3
Suppose -2*c + 2*b + 6 = 0, -16 = -3*c - b + 1. Suppose c*g - 40 = -0. What are the prime factors of g?
2
What are the prime factors of (82/10 + -4)/((-2)/(-90))?
3, 7
Let q = 526 - 279. What are the prime factors of q?
13, 19
Let j(f) be the third derivative of 0 + 1/15*f**5 + 0*f + 1/3*f**3 + 3*f**2 - 1/24*f**4. What are the prime factors of j(-2)?
2, 5
Let v(p) = p + 25. Let m be v(0). Let o = m - 7. What are the prime factors of o?
2, 3
Suppose -2*o = 3*u - 350, -o - 20 = 3*o. Let q = u - 82. What are the prime factors of q?
2, 19
Let a(k) = -k**2 - 10*k + 14. Let h(b) = -7*b + 3. Let r be h(2). What are the prime factors of a(r)?
3
Let c(u) = -u + 9. Let b be 1/3 - 24/(-9). Suppose 2*o = -b*o. List the prime factors of c(o).
3
Let p(r) = -1 + 3*r**2 - 2*r**2 - r + 2*r. What are the prime factors of p(3)?
11
List the prime factors of 65/2 - 12/8.
31
Let w(b) be the third derivative of 0 + 0*b - 2*b**2 + 1/10*b**5 - 1/3*b**3 - 1/120*b**6 - 1/8*b**4. What are the prime factors of w(4)?
2, 3
List the prime factors of (-62)/(-8) - (-15)/60.
2
Let i(d) = d - 2. Let c be i(4). Suppose 5*v = -3*k + 125, -c*k + 105 = 5*v - 3*k. What are the prime factors of v?
2, 11
Suppose 0*f = -3*w - f + 617, 0 = -5*w + f + 1023. List the prime factors of w.
5, 41
Suppose 3*b - 5*a + 3 = 6*b, -b - 2*a = 0. Let u be 0/b*2/(-2). Suppose 3*o + 0*o - 54 = -3*l, 5*o - l - 96 = u. What are the prime factors of o?
19
Suppose 2*p - 2 = 2. Suppose -8 = 4*r - 5*x, r + p*x + 6 = -2*r. Let y = r - -5. What are the prime factors of y?
3
Let m be (-2 - 0)/((-2)/5). What are the prime factors of ((-56)/(-35))/(2/m)?
2
Suppose 0 = -0*l - 4*l + 4. List the prime factors of l + (2 - 3)*-4.
5
Suppose 5*l = 5*g + 15, 4*g = 1 + 3. Suppose -r + l*u = 3*r - 56, -75 = -5*r + 4*u. List the prime factors of r.
19
Let p(i) = -i**2 + 21*i - 10. List the prime factors of p(16).
2, 5, 7
Let w = 2 - 0. What are the prime factors of 408/30 + w/5?
2, 7
Let z be 3/(6/(-4)) + 6. Let x(t) = 3*t**2 - z*t - 3*t**2 - t**3 + 5*t**2. List the prime factors of x(3).
2, 3
Suppose 120 = 4*f - 5*g + 19, 4*f = 2*g + 98. List the prime factors of f.
2, 3
Let x(b) = b**3 + 13*b**2 - 16*b - 22. What are the prime factors of x(-14)?
2, 3
List the prime factors of (-283)/(-5) + (-4)/(-10).
3, 19
Let m = 85 + -34. List the prime factors of m.
3, 17
Let f(d) = 4*d**2 + d + 1. Suppose l + 0*s + 4*s - 18 = 0, 2*l - 1 = -s. What are the prime factors of f(l)?
3, 5
Let s be (-38)/4 - 1/2. What are the prime factors of (-2 + s)/(-5 + 4)?
2, 3
Let k be 9*-3 + 2 - -3. Let m = -9 - k. List the prime factors of m.
13
Suppose 0 = 2*k - t - 1, 3*t - 2 = -k + 9. Let f(z) = -2*z**2 - 3*z**2 + 0 - 2*z + 7*z**2 - 2. List the prime factors of f(k).
2
Let z(y) = -y**3 + 6*y**2 - 2*y - 7. What are the prime factors of z(5)?
2
Suppose 0 = 2*y + x + 3*x - 76, -2*y + 3*x = -55. List the prime factors of y.
2
Suppose -2*o + 2 = 14. Let k be ((-16)/o)/(5/(-15)). List the prime factors of -1 + 1 - (-4 + k).
2, 3
Suppose -1021 = -11*l + 134. List the prime factors of l.
3, 5, 7
Let j be 2 + 3*(7 - -1). Suppose 5*g = 5, 4*g + 0*g + j = 3*i. What are the prime factors of i?
2, 5
Let n be (2 - 15)*(-1 + 0). Let y(d) = d**2 - 5*d - 6. Let g be y(6). Suppose -v